he greatest common divisor of 27240 and 143464?
1816
Calculate the greatest common factor of 10513200 and 8.
8
What is the highest common divisor of 4248477 and 261?
9
Calculate the highest common factor of 284070 and 71230.
170
Calculate the greatest common factor of 32130 and 120202920.
4590
What is the greatest common divisor of 523232 and 1000?
8
What is the greatest common divisor of 2167066 and 569646?
3014
Calculate the greatest common factor of 22754 and 199116584.
734
What is the greatest common factor of 2580 and 13060132?
172
What is the greatest common divisor of 2730 and 2186002?
182
Calculate the greatest common divisor of 2318 and 1224050034.
2318
What is the highest common factor of 5034276 and 2429?
347
What is the greatest common divisor of 5512 and 53144?
104
Calculate the highest common factor of 40 and 21941384.
8
What is the greatest common divisor of 332 and 21317139?
83
What is the greatest common factor of 1704 and 179205846?
426
Calculate the greatest common divisor of 90331 and 370971.
877
What is the greatest common divisor of 18508371 and 21?
21
Calculate the greatest common factor of 306 and 2203098.
102
What is the greatest common divisor of 27 and 1323676476?
9
Calculate the highest common divisor of 294368272 and 781.
781
Calculate the highest common divisor of 438 and 198810609.
219
What is the highest common divisor of 69204 and 558888?
876
Calculate the greatest common divisor of 8910 and 10170.
90
What is the highest common divisor of 22764 and 51604?
28
What is the highest common divisor of 4582 and 29377?
29
What is the greatest common divisor of 26 and 2186222?
2
What is the highest common divisor of 687394 and 23870?
62
Calculate the highest common divisor of 335 and 516995.
5
Calculate the highest common divisor of 8 and 87626648.
8
What is the highest common factor of 988204671 and 9?
9
Calculate the greatest common factor of 89628 and 82612572.
8148
Calculate the highest common factor of 786872 and 712.
8
What is the greatest common factor of 3866466 and 924?
6
Calculate the greatest common divisor of 32753 and 32855938.
4679
Calculate the highest common divisor of 185130703 and 15755.
3151
Calculate the highest common factor of 156 and 350286.
6
What is the highest common divisor of 332892 and 738?
18
What is the greatest common divisor of 512 and 105812864?
128
Calculate the highest common divisor of 26156 and 359164.
52
Calculate the greatest common divisor of 248 and 55112172.
124
Calculate the highest common factor of 303 and 39759155.
101
What is the highest common divisor of 26889925 and 3735?
415
What is the greatest common factor of 4589163 and 32103?
783
Calculate the highest common divisor of 4312784 and 49.
49
Calculate the greatest common factor of 126817 and 141637097.
4373
Calculate the greatest common divisor of 35717568 and 3192.
456
What is the highest common factor of 1662506 and 33?
1
What is the highest common factor of 17304 and 13596618?
4326
Calculate the greatest common divisor of 33119030 and 1290.
430
What is the highest common divisor of 192316 and 20?
4
Calculate the highest common factor of 623 and 714421779.
89
Calculate the highest common factor of 138206 and 146414.
38
What is the greatest common factor of 473 and 2494525?
11
What is the greatest common divisor of 510342968 and 21232?
10616
Calculate the highest common divisor of 17637997 and 26.
13
Calculate the highest common divisor of 216742 and 3413840.
614
Calculate the highest common divisor of 24522 and 2658.
6
Calculate the greatest common divisor of 3456 and 15069056.
128
Calculate the greatest common factor of 22929674 and 12.
2
Calculate the greatest common divisor of 18 and 5128371.
9
Calculate the greatest common factor of 2126439 and 1491.
21
What is the highest common factor of 25641 and 1513281?
231
Calculate the highest common divisor of 2456 and 26511292.
1228
Calculate the greatest common divisor of 318095 and 2260.
565
Calculate the greatest common factor of 390 and 31548894.
78
Calculate the greatest common divisor of 292523 and 53911.
319
Calculate the highest common factor of 572579 and 324583.
3647
What is the highest common factor of 6024 and 302130708?
3012
Calculate the highest common divisor of 109214 and 121857.
269
Calculate the highest common factor of 78100 and 2446200.
100
What is the highest common factor of 44 and 5630339?
11
Calculate the highest common divisor of 29691420 and 264.
132
What is the highest common factor of 18375168 and 3200?
128
What is the highest common divisor of 8862 and 418635816?
1266
What is the highest common divisor of 292419 and 171?
9
What is the highest common factor of 1250 and 271220?
10
What is the greatest common divisor of 2299441 and 1304?
163
Calculate the greatest common divisor of 72413542 and 274.
274
Calculate the greatest common divisor of 1133 and 166279080.
1133
Calculate the highest common factor of 879390594 and 28872.
7218
Calculate the greatest common factor of 4240040 and 1995.
665
Calculate the greatest common divisor of 12678 and 300046.
4226
What is the greatest common factor of 126420 and 10663140?
2580
What is the highest common divisor of 768989 and 1687647?
5161
Calculate the greatest common factor of 96 and 409582176.
96
Calculate the greatest common divisor of 1040864 and 352.
352
Calculate the greatest common factor of 25785169 and 445.
89
Calculate the highest common factor of 2830968 and 23838.
822
Calculate the highest common divisor of 178645688 and 416.
104
What is the greatest common factor of 54920472 and 408?
408
What is the greatest common factor of 99 and 28074744?
9
Calculate the highest common divisor of 541 and 175456038.
541
Calculate the greatest common divisor of 364760726 and 74.
74
Calculate the greatest common divisor of 1764918 and 5183.
71
Calculate the greatest common factor of 53218 and 89227234.
4838
What is the greatest common divisor of 296 and 13036136?
296
What is the highest common factor of 222191 and 2240419?
83
What is the highest common factor of 528743 and 94724?
199
Calculate the highest common factor of 141398 and 17670.
38
Calculate the greatest common factor of 884 and 2767396.
68
Calculate the highest common factor of 29838505 and 5.
5
What is the greatest common factor of 1162431 and 1053?
81
Calculate the greatest common divisor of 50 and 98.
2
Calculate the highest common factor of 3087 and 30047829.
1029
What is the greatest common divisor of 137925 and 771300?
225
Calculate the greatest common divisor of 49 and 90655033.
7
What is the greatest common divisor of 857146 and 4018?
82
Calculate the greatest common divisor of 166715 and 1175.
5
Calculate the greatest common divisor of 20992 and 12200192.
256
Calculate the greatest common divisor of 363365669 and 127.
127
What is the highest common factor of 58320 and 159977592?
5832
Calculate the highest common divisor of 61045 and 725145.
145
Calculate the highest common factor of 504 and 12621816.
72
Calculate the greatest common divisor of 202796 and 149164.
1676
What is the greatest common divisor of 100567906 and 837?
31
What is the greatest common divisor of 1798 and 7344086?
62
Calculate the greatest common divisor of 8817187 and 831.
277
Calculate the highest common divisor of 393882 and 78.
6
Calculate the greatest common divisor of 9515595 and 1650.
15
What is the greatest common divisor of 366 and 14419302?
366
What is the highest common divisor of 26811372 and 126?
42
What is the highest common factor of 450976935 and 15?
15
Calculate the greatest common factor of 15867 and 14904144.
387
Calculate the greatest common factor of 13590 and 8057058.
906
What is the greatest common divisor of 91 and 35816417?
91
What is the greatest common factor of 1450222529 and 1757?
1757
What is the greatest common factor of 178312952 and 8?
8
What is the greatest common factor of 2743 and 3182513?
211
What is the greatest common factor of 1094992 and 23024?
16
Calculate the highest common divisor of 1560 and 49816377.
39
What is the greatest common divisor of 10424 and 1201366?
2606
Calculate the highest common factor of 2160 and 894006.
18
Calculate the highest common divisor of 28501480 and 63155.
3715
Calculate the highest common divi